be u(-6). Let c = -4 + y. Let i = c + -7. What are the prime factors of i?
3, 13
Let u(o) = -7*o**3 + 10*o**2 - 2*o - 8. Let w be u(-8). Suppose -5*f + 5290 = 4*v, 53*f - 49*f - w = 5*v. List the prime factors of f.
2, 23
Let d be 5 + 93/(-18) - 277/(-6). Let f = d - 31. What are the prime factors of ((-1098)/(-24))/(f/(-24) + 1)?
2, 61
Let d = 8972 + -6351. What are the prime factors of d?
2621
Let t = 585 - 501. List the prime factors of (t/210)/((-2)/(-890)).
2, 89
Let l = 32788 + -9042. List the prime factors of l.
2, 31, 383
Let k(s) = 25*s + 10. Let f be (22 + 2 + -1)*1. Suppose -2*d + 29 = f. What are the prime factors of k(d)?
5, 17
Let y = -2 - -4. Suppose -y*b + 264 = -610. List the prime factors of b.
19, 23
Let m(o) = o**2 - 21*o - 18. Let u(v) = 152*v**3 + 2*v**2 - v. Let n be u(1). Suppose -5*b = 43 - n. What are the prime factors of m(b)?
2
Let u(g) be the third derivative of -7*g**4/6 - 2*g**3 + g**2. Suppose 2*k = 4*j - 42, 0 = -2*k - 6*j + 82 - 54. What are the prime factors of u(k)?
2, 23
Let x(n) = 103*n**2 + 10*n + 15. Suppose c + a + 2 = 0, -10*c + 9*c - 2 = -2*a. List the prime factors of x(c).
11, 37
Let a(o) = 52*o**2 + 159*o - 1702. What are the prime factors of a(10)?
2, 3, 53
Suppose -480 = 4*l + f + 4*f, -3*l = 4*f + 360. Let i = l - -435. Suppose 0 = -0*t + 3*t - i. What are the prime factors of t?
3, 5, 7
Suppose 102*z - 39257 = -i + 99*z, 10*z = -60. List the prime factors of i.
5, 1571
Suppose 0 = 3*r + 5*o - 6525 - 47011, r = -2*o + 17845. What are the prime factors of r?
3, 661
List the prime factors of (185/20 + -4)/((-51)/(-159052)).
7, 2339
Let z = -5663 - -3812. What are the prime factors of (-1 + z)/(190/(-95))?
2, 463
What are the prime factors of (-4702)/(-2) - (5 + 0)?
2, 3, 17, 23
What are the prime factors of -2 + 25/10 + 172564/8?
11, 37, 53
Let a(q) = -21*q + 48. Let i be a(-12). Let o = 23 - i. What are the prime factors of o/(-2) + 1/2?
139
What are the prime factors of (-3)/1*830328/(-261)?
2, 1193
Suppose 66987 = 10*n + 12357. What are the prime factors of n?
3, 607
Suppose -7*f + 38 = 3. Suppose -2*y = -k - 225, k + 3*k = f*y - 555. List the prime factors of y.
5, 23
Let r(p) = 64*p**3 - 47*p**2 - 27*p + 43. List the prime factors of r(9).
42649
Suppose 2*v - 6*k = -7*k + 1262, -5*v - 4*k = -3152. Suppose x = 3*l + 652, x - 2*l - v = -4*l. List the prime factors of x.
2, 5
Let i = 46404 + -23499. List the prime factors of i.
3, 5, 509
Let w be (-1 + 77)*(-235)/(-940). Let m(i) = i**2 + 9 + 0*i**2 + 14 - 17*i. What are the prime factors of m(w)?
61
Suppose 10959 = 2*o + 3*w, -189*o = -188*o - 2*w - 5469. List the prime factors of o.
3, 5, 73
Let n = 199271 + -120920. What are the prime factors of n?
3, 7, 13, 41
Suppose -o + u + 2 = 0, 2*o - 4 = 2*u + 3*u. Suppose -1421 = -3*y - 4*g, -3*y + 0*y + 1411 = o*g. What are the prime factors of y?
467
Let y be (1 - -1)*(2 + (-2)/(-2)). Let z be (6/9)/(2 - 8/y). What are the prime factors of z/((6/465)/2)?
5, 31
Let m be -2 + (-21)/(-6) + 250/4. Suppose -315 = -k - 5*i, -2*k + 552 = -4*i - m. List the prime factors of k.
2, 5, 31
Let p(z) = -17*z**2 - 5*z + 4. Let n be p(3). Let w be (12 + 12/12)*(-3)/3. Let o = w - n. List the prime factors of o.
151
Let v be ((-1 - -2) + -6)*17. Suppose -1252 = -16*x + 1372. Let l = v + x. List the prime factors of l.
79
Let o be 6/(190/(-62) + 3). Suppose -2*y + 3*y = 153. Let l = o + y. List the prime factors of l.
2, 3, 5
Let h = 380 - 47. Suppose -156 = -2*g - z - z, 4*g - 3*z = h. What are the prime factors of g?
3
Suppose 15 - 11 = 2*u. What are the prime factors of u/(24/7653) - 39/(-156)?
2, 11, 29
Suppose 0 = 6*v - 19588 - 23678. What are the prime factors of v?
7211
Suppose -2*x + 9 = 3*m, 0 = 2*m + 3*x - 6. What are the prime factors of ((-14)/(-4))/(m/(-4374)*-9)?
3, 7
Let v be 6/21 - (-1128)/(-28). Let c = v + 43. Let x(i) = 2*i**3 + 4*i**2 - 3*i. List the prime factors of x(c).
3
Suppose 2*l - 3*h = -2*l + 219368, -h - 219352 = -4*l. What are the prime factors of l?
2, 13709
Let i = 3178 + -811. What are the prime factors of i?
3, 263
Let y = -763 + 1836. List the prime factors of y.
29, 37
Let o(j) = -28*j - 97. Let q(u) = -7*u - 24. Let d = 25 - 23. Let i(v) = d*o(v) - 9*q(v). List the prime factors of i(9).
5, 17
Let h be (-2)/(-6) + (-28)/(-6). Let t(c) = c**3 - c**2 + 1. Let g(m) = 4*m**3 - 9*m**2 + 2*m + 10. Let v(u) = g(u) - 2*t(u). List the prime factors of v(h).
3, 31
Let o(h) = 9 - 2*h**2 + 10*h - h**3 - 25 + 27. Let b be o(-4). Suppose -5*u - k + 313 = 0, -b*u - 2*k = -5*u + 118. List the prime factors of u.
2, 31
Suppose -3*g = -5*g + 5360 + 5644. List the prime factors of g.
2, 3, 7, 131
Suppose -304 = 51*r - 865. What are the prime factors of (-8 + r)*9226/21?
2, 659
Let u = 26 - -66. Suppose 0 = 148*p - 68*p - 320. Suppose l - p*h = u, 46 = l + 4*h - 62. List the prime factors of l.
2, 5
Suppose -3*t + 4*g = -99339, 3*t - 33677 = -4*g + 65710. List the prime factors of t.
11, 3011
What are the prime factors of (343072/48)/((-8)/(-12))?
71, 151
Let f = 24394 + -7608. What are the prime factors of f?
2, 7, 11, 109
Let y = 107457 - 49049. What are the prime factors of y?
2, 7, 149
Suppose 2*k = 4*r + 120, 4*k = -32*r + 35*r + 90. Let q(t) = -54*t - 439. List the prime factors of q(r).
1181
Suppose 24*d - 25 = 19*d, -4*l + 9 = 5*d. Let n(m) = -129*m + 8. List the prime factors of n(l).
2, 131
Let k(d) = -34*d - 77. Let i be (-153)/(-2)*46/(-69). Let u = i + 42. What are the prime factors of k(u)?
229
Suppose -15360 = -0*q + 10*q. List the prime factors of 6*6/(-12) + q/(-2).
3, 5, 17
Suppose -2*z + 4066 = 4*j, 2*j = -32*z + 30*z + 4072. Suppose 2034*n = z*n - 3875. What are the prime factors of n?
5, 31
Suppose x - 3 = -0*x. Suppose -6*r - x*g + 2 = -4*r, -3*r + g + 14 = 0. Suppose -r*k + 2*j = -360, 12 = -3*j - 0. List the prime factors of k.
2, 11
Let w = -60 + 63. Let p = 1 + w. Suppose -p*x - 474 = -7*x. List the prime factors of x.
2, 79
What are the prime factors of 12*8/24 + 56358/3?
2, 5, 1879
Suppose 6*o = -1394 - 1738. Let b = o + 1337. What are the prime factors of b?
5, 163
Suppose 0 = -4*q + 112 - 84. Suppose -5*k = -4*d + 3412, 6*d - q*d + 836 = 3*k. List the prime factors of d.
2, 53
Let d(r) = 18858*r - 2728. List the prime factors of d(3).
2, 13, 19, 109
Let u = 12332 - -5918. List the prime factors of u.
2, 5, 73
Suppose -a + 5548 = -5*f + 123, 0 = 3*a - 5*f - 16325. List the prime factors of a.
2, 5, 109
Let m(n) = 2*n**2 - 2*n - 60. Let j(c) = 2*c**2 - c - 60. Let h(d) = -3*j(d) + 4*m(d). List the prime factors of h(-10).
2, 5, 19
Let p(l) = 183*l**3 + 5*l**2 - 10*l + 22. List the prime factors of p(3).
2, 19, 131
Suppose 5*z - 8*z - 2*x = 6317, -z - 3*x - 2094 = 0. Let r = 3209 + z. List the prime factors of r.
2, 5, 11
Let g = 69 + 296. Let i = g + -144. List the prime factors of i.
13, 17
Let z(p) = 4*p**3 + 3*p**2 - 2. Let t be z(3). Suppose -5*j - 22*q = -25*q - 1021, 4*j = 5*q + 822. Let f = j - t. What are the prime factors of f?
2, 5, 7
What are the prime factors of (-38 + 618)/(1 + 66/(-68))?
2, 5, 17, 29
Let v = 149 + -107. Suppose 30*w - v = 9*w. List the prime factors of w.
2
Let k = 258 + -404. List the prime factors of 66/(-9) - -8 - k/6.
5
Suppose -374415 - 683337 = -108*g. What are the prime factors of g?
2, 59, 83
Suppose -12 = 4*y, -66*x - 5*y - 111180 = -71*x. List the prime factors of x.
3, 7411
Suppose -221*k = 1344920 - 5372868 - 2575311. What are the prime factors of k?
29879
Let v(u) = u**3 + 7*u**2 + 2*u. Let m be v(-2). Let f(w) = 2*w - 36. Let x be f(m). Let z(b) = -b**3 + 5*b**2 + 7*b + 4. List the prime factors of z(x).
2, 3, 5
Let k(z) = 4*z**2 - 41*z + 73. Let g(b) = 12*b**2 - 125*b + 220. Let q(h) = 4*g(h) - 11*k(h). List the prime factors of q(19).
2, 5, 59
Suppose 3*q - 3 = 6. Suppose 5*x - 130 = 3*c, q*x - c = 3*c + 67. Suppose 31*i - 102 = x*i. List the prime factors of i.
3, 17
What are the prime factors of 1903920/70 + 168/147?
2, 5, 17
Suppose 3*v = -10*m + 5*m + 71, 5*m - 5*v - 95 = 0. Let h(d) = -d**3 + 18*d**2 + 38*d + 28. List the prime factors of h(m).
2, 7, 41
What are the prime factors of 34633 - -37 - (0 + (-5 - -14))?
11, 23, 137
Let t = 2639 + -1607. List the prime factors of t.
2, 3, 43
Let d = -105 - -58. Let x = d -